(j) = j**3 - 2*j**2 - 2*j - 6. Let v be q(3). Let k be v - (0 - (w + 132)). What is the greatest common factor of 26 and k?
26
Suppose 16*p - 14 = 34. Suppose p*h = 46 + 272. Calculate the greatest common divisor of h and 2.
2
Let b be (2/(-7) - (-107)/7) + -4. Suppose -i = -b - 1. Calculate the highest common divisor of 114 and i.
6
Suppose 37*k + 4*k = 3373 + 1260. What is the greatest common factor of 8 and k?
1
Suppose 200*d + 10*d = 48*d + 218700. What is the greatest common factor of d and 1650?
150
Let a be 63/162*9*252. What is the greatest common divisor of a and 3654?
126
Let p be 762/42 + 1/(-7). Suppose -116 = -2*q - 4*a, -a = -q - q + 136. Let g = q - 63. Calculate the greatest common divisor of p and g.
3
Let i be 1388/(-4)*(-18)/6 + 14/2. Calculate the highest common divisor of 8 and i.
8
Suppose n = -5*f + 11, 3*f + 2*n - 16 = -15. Let z be (-14 + 30 - -8)*13/f. What is the highest common factor of 91 and z?
13
Let x(j) = -59*j**2 - 859*j - 381. Let i be x(-14). Let c = 239 + -131. Calculate the greatest common factor of c and i.
27
Let q be (-1)/(2094/524 - 20/5). Suppose -329 = -5*d - 3*z, 4*d - 5*z = -7*z + q. Suppose 0 = 2*m - d - 68. What is the greatest common divisor of 44 and m?
22
Let l(m) = -2*m**2 + 8*m - 4. Let f be l(4). Let y be 5/f + (-63)/(-12). Let w = 114 + -78. What is the greatest common factor of w and y?
4
Let k = -9253 + 9287. Calculate the highest common divisor of 2822 and k.
34
Suppose 5*r - 594 = -69. Suppose 0 = 2*a - 9*a - r. Let w = a - -29. Calculate the greatest common divisor of 35 and w.
7
Let p be ((-35)/2)/(1/6*-3). Suppose -99 + p = -y. What is the greatest common divisor of y and 16?
16
Let a be 51 + 4 + (-1 - 11)/4. Let f be (a/(-39))/(2/(-36)). Suppose -2*y - 5*i + 64 = 0, i + f = -2*y + 88. What is the highest common divisor of y and 8?
8
Let z be 3*((-20)/(-12) - 2)*-7. Let c be (15/(-6) - -2)/((-9)/2124). Let g = -55 + c. What is the greatest common factor of z and g?
7
Let y = -25879 + 34634. Calculate the greatest common divisor of y and 68.
17
Let y(p) = p + 7. Let s be y(-3). Suppose 692 - 116 = s*x. Suppose 0 = 37*u - 34*u - x. What is the highest common factor of 6 and u?
6
Let m = 905 - 891. What is the highest common divisor of 1015 and m?
7
Suppose b = -g - 0*b + 412, 2*b = 2*g - 840. Suppose 28628 = -17*p + 29172. What is the highest common divisor of g and p?
32
Suppose -2*z + 10*z + 50*z - 1160 = 0. Suppose 2*b + 480 = 3*k, k - 144 = -2*b + 16. Calculate the highest common factor of k and z.
20
Let z be (-123)/(-3) + -4 + 3. Let k(v) = -v**3 + 4*v**2 + 9*v - 28. Let n be k(3). Calculate the highest common divisor of n and z.
8
Suppose 0 = -15*m - 6208 - 2432. Let w = 994 + m. Calculate the greatest common divisor of 22 and w.
22
Let x be 6 - 0 - 7 - (-5 + 2). Suppose 5*p - 6 = x*p. Suppose -2*f - p + 6 = 0, 3*g = 4*f + 52. Calculate the highest common divisor of g and 8.
4
Let h = -4401 - -8272. Calculate the highest common factor of h and 79.
79
Let l be 1198/30 + 365/5475. Calculate the highest common divisor of l and 470.
10
Suppose -256 = 3*q - 4*q. Let i = 1972 + -1964. Calculate the greatest common factor of i and q.
8
Suppose -f = 4*w - 18, 8 = -4*f - w + 35. Suppose 0 = f*i - 4*i + b - 210, -4*i = -4*b - 420. Calculate the greatest common divisor of i and 245.
35
Let d(x) = 3*x + 33. Let p be d(-8). Let b(y) = y**3 - 7*y**2 - 14*y + 10. Let q be b(p). Calculate the highest common divisor of 230 and q.
46
Let q = 9003 + -8965. Calculate the greatest common factor of 16739 and q.
19
Suppose -324 + 129 = -13*t. Let u(l) = -l**2 + t - 10*l + 2*l - 9*l - 4*l. Let d be u(-12). What is the highest common divisor of d and 41?
41
Let s = -56 - -57. Let a be -4 + s + 2 - -1 - -29. Suppose 4*j - c = a, -j + 2*j - 8 = c. Calculate the greatest common divisor of 56 and j.
7
Let s(x) = -8*x - 140. Let j = -216 + 188. Let q be s(j). Calculate the greatest common factor of q and 24.
12
Let v be 32/(-3)*(-6)/4. Let l be (-14)/21*-36 - (-8)/(-1). Calculate the greatest common divisor of l and v.
16
Suppose 66*w - 14*w = 2184. Calculate the highest common factor of w and 10605.
21
Suppose -3*s + 1008 = -1196*g + 1198*g, s - 502 = -g. What is the greatest common factor of 54 and g?
6
Let s be 93 + -4*(-4)/16. Let d = -88 + s. What is the greatest common factor of 15 and d?
3
Suppose 0 = -g + 3*s - 277, -45*g + 41*g + 2*s = 1058. Let r = g + 460. Calculate the greatest common divisor of 18 and r.
18
Suppose 13*y + 594 = -5*y. Let h = y - -390. Calculate the greatest common divisor of 21 and h.
21
Let o = 401 - 277. Let g(i) = 2275*i - 100007. Let l be g(44). What is the greatest common divisor of o and l?
31
Let l be (-2 - -508) + (-3 - -1). Let u be (-4)/10 - l/(-35). Let t = -475 - -496. What is the highest common divisor of t and u?
7
Let v = 93 - 86. Let w be -2 + (3 - -2) + -15. Let m be (w/v)/(1/(-7) + 0). Calculate the highest common factor of m and 60.
12
Suppose 289 = 2*d + 39. Let z = d - 71. What is the greatest common divisor of 594 and z?
54
Suppose -32 = 153*q - 157*q. Suppose 4*s + 96 = 176. Calculate the greatest common factor of s and q.
4
Let q be (-40)/12*6/(-28) - 241950/(-105). What is the greatest common factor of q and 25?
5
Let d be (1 + 9)*(-18 - 2200/(-80)). Let t(o) = 3*o + 1. Let h be t(3). Calculate the greatest common factor of h and d.
5
Let u = -4050 + 4088. What is the highest common divisor of u and 1159?
19
Let f(l) = -8*l**3 + l**2 - 1. Suppose -d + 0 = 1. Let r be f(d). Let g be 6 + 0 - (-72 + 46). Calculate the greatest common factor of r and g.
8
Suppose 37 = o - 5*u, 4*o + 55 = 7*o - u. Let m = 18 - o. Let g = 10 - 6. What is the greatest common factor of g and m?
1
Suppose 3*r - 9963 = 4*w + 8*r, 2*w - 5*r = -4989. Let v be (-6)/33 + w/(-154). What is the highest common divisor of v and 2?
2
Suppose 0 = -6*d - 1830 - 1734. Let g = -569 - d. Calculate the highest common divisor of 15 and g.
5
Let h be -12*65/(-702)*18/(-15)*-396. Let m(a) = 2*a**3 - 2*a**2 - 2. Let n be m(2). What is the highest common factor of h and n?
6
Let l be (-3)/(-10 + (-603)/(-63)). Let g(u) = 2*u**2 - 13*u - 6. Let p be g(10). Let j be (-1)/1*1 + p. Calculate the greatest common factor of j and l.
7
Suppose 4*k + 1989 = 23525. Calculate the highest common factor of k and 8.
8
Suppose 7735 = 19*l - 10961. Calculate the greatest common factor of 24 and l.
24
Suppose 22*s + 56 = 15*s. Let n(q) = -2*q**3 - 14*q**2 + 4*q - 16. Let d be n(s). What is the greatest common divisor of d and 2?
2
Let x(u) = u**2 - 12*u + 56. Let h(t) = t**3 - 15*t**2 - 23*t + 126. Let k be h(16). Let q be x(k). What is the greatest common divisor of 42 and q?
42
Suppose -2*v + 146 - 164 = 0. Suppose -q = -4*i + 89, -5*i - 5*q - 36 + 116 = 0. Let l = v + i. What is the greatest common divisor of 192 and l?
12
Let o(c) = -25*c**2 - 23*c + 5. Let h be o(-5). Let b = h - -737. Calculate the highest common factor of b and 29.
29
Let q(s) = s**3 + 9*s**2 + 4*s + 3. Let a be q(-8). Suppose 14*d = a + 77. What is the greatest common factor of d and 8?
8
Let s be 2/(-13) + (-38635830)/(-7345). What is the greatest common divisor of 40 and s?
20
Let k be 10/35 - 272/(-28). Suppose 28 = 4*t - 4*w, -t - 3*w + w + 10 = 0. Suppose g + t = 78. What is the greatest common divisor of k and g?
10
Let x be 1/(-3) - (-264)/36. Suppose 3*d + 284 = 1769. Suppose 8*h = -x*h + d. Calculate the greatest common factor of 3 and h.
3
Let u = 31 - 17. Let s(f) = -5*f - 3. Let j = 157 - 180. Let b be s(j). Calculate the greatest common factor of u and b.
14
Let g(h) = 17*h**2 + 308*h + 49. Let z be g(-18). Calculate the highest common factor of z and 1157.
13
Let y = -21109 + 21139. Let m = 76 - 46. What is the highest common divisor of y and m?
30
Let m be (-1 - 14/(-18)) + 2723/63. Let a be (7 - 10) + 2 + m. Calculate the highest common divisor of a and 63.
21
Let c(b) = -88*b - 8087. Let y be c(-92). What is the highest common divisor of y and 4707?
9
Let n be -9*3/(-81)*9717. Calculate the greatest common factor of n and 41.
41
Suppose -13*t = 2*t - 5*t - 79800. Calculate the greatest common divisor of t and 60.
60
Let j(r) = r**3 + 4*r**2 - 7*r - 8. Let f be j(-5). Let c(y) = -y**2 + 4*y**2 + f + 9*y**2 + 0. Let z be 